c - 24511. Determine f(-22).
-3
Let c(m) = -28*m**3 + 475*m**2 + 18*m - 33. Determine c(17).
-16
Let c(v) = -v**2 - 168*v + 5480. Determine c(28).
-8
Let a(n) = 5*n + 59. Determine a(-18).
-31
Let c(v) = -38*v - 68. Determine c(-2).
8
Let o(x) = 54*x - 4752. Determine o(88).
0
Let a(y) = -58*y**2 + 144*y - 10. Determine a(4).
-362
Let s(k) = -2*k**3 + 102*k**2 - 882*k + 85. Give s(40).
5
Let p(v) = v**3 + 187*v**2 + 5550*v - 20. Calculate p(-150).
-20
Let q(r) = -11*r + 19. What is q(-10)?
129
Let w(s) = 3*s - 129. Determine w(24).
-57
Let t(y) = y**3 + 8*y**2 + 19*y + 13. Determine t(-5).
-7
Let h(s) = -31*s + 153. Calculate h(2).
91
Let d(p) = -p**2 + 38*p + 8. What is d(42)?
-160
Let b(w) = w**3 + 11*w**2 + 33*w + 137. Give b(-9).
2
Let f(y) = y**2 + 4817*y + 48150. Determine f(-10).
80
Let r(k) = 5*k + 83. Determine r(-17).
-2
Let q(y) = -9*y**3 + 14*y**2 + 20*y + 5. Calculate q(-4).
725
Let i(d) = -3*d**3 - 311*d**2 + 110*d + 615. Give i(-104).
-9
Let j(r) = 1190*r + 10709. Give j(-9).
-1
Let u(v) = v**2 + 27*v - 78. Give u(-25).
-128
Let y(h) = -h**2 - 30*h + 550. Determine y(-44).
-66
Let y(s) = 46*s - 14. Give y(0).
-14
Let a(y) = -y**3 + 399*y**2 + 2024*y + 9. What is a(-5)?
-11
Let n(h) = 229*h + 24. Give n(-1).
-205
Let p(x) = 7*x**3 - 4*x**2 + 12*x + 22. Determine p(-2).
-74
Let u(h) = -2755*h + 13780. Give u(5).
5
Let u(l) = 3*l**3 + 25*l**2 + 57*l + 27. What is u(-4)?
7
Let q(o) = 5*o - 164. Determine q(-3).
-179
Let b(h) = -h**3 + 2*h**2 + 180*h - 203. Give b(-13).
-8
Let w(n) = n**3 - 8*n**2 - 3*n + 65. Calculate w(7).
-5
Let b(n) = 427*n + 6850. What is b(-16)?
18
Let z(u) = -6*u**2 + 14*u + 33. Calculate z(-3).
-63
Let c(o) = 199*o + 915. Give c(-5).
-80
Let j(t) = 243*t + 738. What is j(-3)?
9
Let v(h) = -37*h + 350. Calculate v(10).
-20
Let p(z) = 3*z**3 - 14*z**2 - 15*z - 10. Determine p(6).
44
Let q(m) = 3*m**2 - 14*m - 1028. Determine q(-16).
-36
Let y(x) = 52*x + 354. Calculate y(-7).
-10
Let r(o) = o**3 + 2*o**2 + 52*o + 12. Determine r(0).
12
Let p(k) = -k**3 + k**2 + 108*k + 23. Calculate p(11).
1
Let t(h) = 2*h**3 + 22*h**2 + 20*h - 39. Give t(-2).
-7
Let g(v) = -358*v - 116714. Give g(-326).
-6
Let h(m) = 2624*m + 70849. Calculate h(-27).
1
Let o(n) = n**2 + 112*n - 578. Calculate o(5).
7
Let f(t) = 14*t**2 - 22*t + 19. What is f(4)?
155
Let q(w) = -52*w + 58. Determine q(3).
-98
Let z(u) = -179*u + 869. Determine z(6).
-205
Let c(r) = -r**2 - 115*r - 2297. Calculate c(-26).
17
Let m(d) = -162*d + 14379. Calculate m(89).
-39
Let w(b) = -4*b**3 + 6*b**2 + 58*b - 113. Calculate w(2).
-5
Let u(v) = -5*v**3 + 527*v**2 + 3105*v + 326. Calculate u(111).
-7
Let h(r) = -25*r - 44. Determine h(-2).
6
Let h(k) = k**2 - 2158*k + 99215. Determine h(47).
-2
Let d(i) = -3*i**2 + 605*i - 18266. What is d(37)?
12
Let h(r) = r**3 - 13*r**2 - 105*r - 17. Calculate h(-5).
58
Let y(o) = 3*o**3 + 33*o**2 + 12. Calculate y(-11).
12
Let p(n) = -2*n**2 - 540*n - 16513. What is p(-235)?
-63
Let f(j) = -130*j + 3. Give f(1).
-127
Let l(b) = 4*b**3 - b**2 - 8*b - 18. Calculate l(-2).
-38
Let w(x) = 24005*x + 96016. Calculate w(-4).
-4
Let g(h) = 132*h + 267. Calculate g(-2).
3
Let k(s) = 2*s**2 - 188*s - 947. What is k(-5)?
43
Let r(i) = -i**2 + 7*i + 3643. What is r(-56)?
115
Let g(z) = z**2 + 178*z + 532. Determine g(-3).
7
Let b(d) = -10*d + 35. Give b(11).
-75
Let w(p) = p**3 + 25*p**2 + 165*p + 487. What is w(-17)?
-6
Let f(p) = -2*p + 157. Determine f(43).
71
Let q(c) = 4*c**3 - 14*c**2 - 4*c + 30. Calculate q(6).
366
Let l(y) = 6*y**2 + 15*y - 31. Calculate l(2).
23
Let i(u) = -3*u**2 + 13*u - 39. Determine i(16).
-599
Let o(v) = 3*v**2 + 97*v - 60. Give o(-33).
6
Let v(u) = -u**2 - 110*u + 1326. Determine v(11).
-5
Let o(p) = 2*p**3 - 81*p**2 + 119*p - 37. Give o(39).
41
Let i(l) = l**2 + 65*l - 853. Determine i(-75).
-103
Let b(f) = -f**2 - 59*f - 841. Calculate b(-28).
27
Let p(g) = 8*g - 15. Give p(4).
17
Let j(g) = g**2 + 15*g + 48. Give j(-10).
-2
Let n(h) = 9*h**2 + 59*h - 9. What is n(-7)?
19
Let r(v) = -100*v + 445. What is r(5)?
-55
Let s(x) = 2*x**2 + 39*x + 190. Give s(-8).
6
Let w(c) = 2*c**3 - 16*c**2 + 83*c - 475. Calculate w(7).
8
Let i(p) = -54*p**2 + 399*p - 151. Calculate i(7).
-4
Let y(p) = -p**3 + 33*p**2 - 24*p - 374. What is y(32)?
-118
Let i(a) = a**3 - 25*a**2 - 29*a + 80. Determine i(26).
2
Let n(v) = v**2 - 69*v + 531. Determine n(60).
-9
Let u(r) = -120*r - 1219. Calculate u(-12).
221
Let v(d) = -11*d + 220. Give v(40).
-220
Let f(x) = -x**3 - 36*x**2 + 102*x + 42. Calculate f(3).
-3
Let v(s) = -10*s**2 - 26*s + 122. What is v(5)?
-258
Let g(w) = 4*w**3 + 30*w**2 - 30*w - 100. Give g(-7).
208
Let k(n) = 2*n**3 - 77*n**2 + 17*n + 789. Give k(38).
-9
Let g(c) = -c**3 - 47*c**2 - 2*c - 146. Give g(-47).
-52
Let k(y) = -135*y**2 - 144*y - 4. Determine k(-1).
5
Let u(s) = -16*s**2 + 87*s - 253. Give u(3).
-136
Let a(h) = h**3 + 6*h**2 - h - 14. What is a(-7)?
-56
Let s(d) = -3*d**2 + 68*d + 50. Calculate s(23).
27
Let x(k) = -3*k**2 - 4*k - 57. Give x(10).
-397
Let a(m) = m**3 + 221*m**2 + 653*m - 213. What is a(-218)?
5
Let h(j) = -14*j - 820. Determine h(-57).
-22
Let d(u) = u**3 + 14*u**2 - 14*u + 42. What is d(-15)?
27
Let z(d) = d**2 + 138*d + 4749. Give z(-54).
213
Let l(v) = -78*v**2 + 9*v + 9. Calculate l(-2).
-321
Let y(v) = 3*v**3 - v**2 - 13*v - 10. Calculate y(-3).
-61
Let a(o) = -o**3 - 5*o**2 + o - 83. What is a(-11)?
632
Let z(p) = -p**3 + 13*p**2 - 117. Determine z(12).
27
Let h(t) = 5245*t + 10496. What is h(-2)?
6
Let k(r) = -r**2 - 31*r - 162. Give k(-6).
-12
Let x(g) = 2*g**2 - 132*g + 1454. Calculate x(14).
-2
Let n(o) = -4*o**2 - 27*o + 44. Calculate n(1).
13
Let d(p) = 7*p**3 - 379*p**2 + 68*p - 774. Determine d(54).
-18
Let i(u) = 12*u + 146. Calculate i(-37).
-298
Let b(a) = -42*a**2 - 2*a - 2. Determine b(-1).
-42
Let z(m) = -10*m**2 - 203*m + 155. Calculate z(-21).
8
Let z(a) = 3*a**2 - 276*a + 1048. Calculate z(88).
-8
Let y(s) = -56*s**2 - 1740*s - 139. Calculate y(-31).
-15
Let o(n) = -250*n + 502. What is o(2)?
2
Let n(x) = -542*x - 11918. Determine n(-22).
6
Let a(n) = -991*n - 6938. Calculate a(-7).
-1
Let b(j) = -j**3 - 37*j**2 + 123*j + 221. Determine b(-40).
101
Let l(k) = 525*k + 3652. Determine l(-7).
-23
Let n(v) = -25*v + 311. What is n(8)?
111
Let u(b) = 203*b - 918. Calculate u(4).
-106
Let p(z) = z**3 - z**2 - z. Calculate p(3).
15
Let j(y) = 41*y**2 - 3567*y - 11. Give j(87).
-11
Let k(q) = -2*q**2 + 161*q - 2544. What is k(59)?
-7
Let i(y) = 2*y**2 + 1057*y - 7491. Give i(7).
6
Let z(c) = 10*c**3 - 56*c**2 - 96*c - 2. What is z(7)?
12
Let i(x) = 9*x + 180. Give i(-29).
-81
Let a(j) = -j**3 - 7*j**2 - 91*j - 897. Calculate a(-9).
84
Let y(n) = 3*n**3 - 26*n**2 + 17. Determine y(10).
417
Let t(i) = 18*i + 310. Give t(-17).
4
Let l(a) = -a**2 + 5*a - 5. Determine l(2).
1
Let x(k) = k**3 + 22*k**2 + 45*k - 44. Give x(-19).
184
Let v(n) = 3*n**2 + 247*n - 9948. Calculate v(-112).
20
Let u(r) = -382*r - 51559. Determine u(-135).
11
Let a(u) = 5*u + 169. Determine a(-29).
24
Let j(s) = s**3 + 44*s**2 + 89*s + 189. Give j(-42).
-21
Let k(j) = -2*j**3 - 25*j**2 - 64*j - 59. Determine k(-9).
-50
Let v(p) = 37*p**3 - 34*p**2 + 38*p - 3. Give v(1).
38
Let j(i) = i**3 - 12*i**2 - 130*i + 395. Determine j(18).
-1
Let z(k) = k**3 - 45*k**2 + 6*k + 1678. Give z(44).
6
Let a(y) = 33*y + 546. Calculate a(-10).
216
Let r(p) = -p**2 + 80*p - 1425. Calculate r(27).
6
Let b(h) = -3*h**3 - 20*h**2 - 2*h - 10. What is b(-5)?
-125
Let o(b) = 985*b + 18711. Calculate o(-19).
-4
Let r(x) = -68*x - 1488. What is r(-22)?
8
Let l(r) = 4*r - 111. Give l(33).
21
Let v(h) = 1831*h - 23798. Calculate v(13).
5
Let q(o) = 2*o**2 - 25*o - 121. Give q(-6).
101
Let s(g) = 6*g**2 - 25*g - 149. Give s(-5).
126
Let l(t) = -t - 77. Determine l(28).
-105
Let b(m) = -20*m - 62. Give b(-3).
-2
Let q(z) = -443*z - 814. What is q(-2)?
72
Let p(q) = q**2 + 11*q - 131. Determine p(5).
-51
Let r(n) = 397*n**2 - 1989*n + 20. Determine r(5).
0
Let j(h) = -h**3 - 36*h**2 - 223*h + 20. Give j(-8).
12
Let x(v) = 539*v - 4352. Give x(8).
-40
Let j(w) = 180*w**2 - 5*w - 1. Give j(-1).
184
Let k(g) = 165*g**2 - 657*g + 9. Give k(4).
21
Let q(n) = -161*n + 181. Calculate q(-3).
664
Let h(d) = 14*d**2 - 129*d - 11. Give h(